 347 - 70. Calculate the greatest common factor of 28 and s.
28
Let q = 274 + -142. Let o be 1/(-6) + (-431)/6. Let x = o + q. Calculate the greatest common divisor of 30 and x.
30
Suppose -173 = -6*o - 11. Let x be o*(4 + 8/(-3)). Calculate the highest common factor of 54 and x.
18
Suppose -9*w + 8 = -5*w. Let p(j) = 4 - 2*j**w - 4 - 69*j + j**3 + 66*j. Let d be p(4). What is the highest common divisor of d and 160?
20
Let h = 124 + -124. Suppose h = 5*c - z + 4*z - 43, z = 2*c - 26. What is the highest common factor of c and 55?
11
Suppose -4*y + 103 = -1093. What is the greatest common divisor of y and 13?
13
Let h(k) = 21*k - 65. Let y be h(4). Calculate the greatest common divisor of 1349 and y.
19
Let p = -231 - -138. Let d = -45 - p. What is the greatest common factor of 24 and d?
24
Let q = -120 + 217. Let k = q - 82. Suppose 0 = -3*x - 3*h + 405, 0 = 4*h + h. Calculate the highest common divisor of x and k.
15
Let b = -322 + 487. Calculate the greatest common divisor of b and 20.
5
Suppose -8 = 2*y, -88*g - 4*y + 180 = -87*g. Suppose 0*i + 174 = 2*i. Suppose 0 = 4*v - 25 - i. What is the highest common factor of v and g?
28
Let w = 170 - -191. What is the highest common divisor of 19 and w?
19
Suppose -6*x + 2*t + 4320 = -0*t, 3*t = -5*x + 3600. What is the highest common divisor of 45 and x?
45
Let i(c) = -c**2 + 10*c - 5. Let q be i(10). Let k be (6 - 8) + q + 1. Let f(d) = -7*d - 2. Let v be f(k). What is the greatest common factor of 8 and v?
8
Suppose -8*z = 2*z - 140. Suppose d - 5*r - 27 = 0, 7*r - 93 = -2*d + 4*r. Calculate the highest common factor of z and d.
14
Let c be 4 + (-250)/(-8) - 12/(-16). Calculate the highest common factor of 24 and c.
12
Let n(m) = -6*m + 3. Suppose -4*i + 5 = -15. Let u(d) = d**3 - 4*d**2 - 5*d - 5. Let h be u(i). Let w be n(h). What is the greatest common factor of 22 and w?
11
Let b be 8/10 + (-216)/(-30). Let n be b/1 + (1 - -3). Calculate the greatest common factor of 3 and n.
3
Suppose -288 = -9*x + 3*x. Suppose 5*m + 61 - 241 = 0. Calculate the greatest common divisor of m and x.
12
Let g(q) = 3*q**2 + 5*q - 6. Let u be g(-6). Suppose 4*w - u = -0*w. Suppose 2*n + 0*n - w = 0. Calculate the greatest common factor of 18 and n.
9
Suppose -96*o = -84*o - 504. Let v(h) = -27*h + 5 - 2 - 2. Let n be v(-1). What is the highest common factor of o and n?
14
Let t(z) = 2*z**2 + 15*z + 51. Let q be t(-5). What is the highest common divisor of 39 and q?
13
Suppose 2*j = -2*q - 170, 109 + 308 = -5*q + 3*j. Let l = -54 - q. What is the greatest common factor of l and 120?
30
Suppose 0 = 3*i - 2*p + p - 13, 8 = -4*i - 5*p. Suppose 0 = -i*x + 76 - 1. What is the greatest common factor of 10 and x?
5
Let z(c) = -83*c**2 + c + 1750. Let p be z(0). Calculate the highest common factor of p and 28.
14
Suppose 0 = -11*d + 63 - 8. Suppose d*l = -27 + 807. What is the greatest common divisor of l and 12?
12
Let j be 1/(1 + 9) - 49517/(-130). Calculate the highest common divisor of 3 and j.
3
Suppose -4*u = 7 + 9. Let d = u - -6. Let l(b) = -1695*b + 1717. Let q be l(1). Calculate the highest common factor of d and q.
2
Suppose 0 = -0*g - 4*g + 12. Suppose -r + 3 = -j - g*r, -r - 2 = 0. Let i be -4*(1 + 1 - 4). Calculate the highest common divisor of i and j.
1
Let k(p) = 5*p**2 + 41*p + 12. Let t be k(-8). What is the highest common factor of 196 and t?
4
Let p(n) = -n**2 + 4*n + 1. Let j be p(5). Let d be ((-7)/4)/(j/16). Let l(h) = h + 3. Let i be l(d). What is the greatest common factor of 4 and i?
2
Let b = -682 - -786. Suppose -o + 0*o = -13. Calculate the highest common divisor of o and b.
13
Let v be 184/10*(1470/(-4))/(-21). Calculate the highest common factor of v and 92.
46
Let z be (-238)/(-7) - (6 + 0). What is the highest common divisor of z and 77?
7
Let y be (-7 - 0 - -8) + 59. What is the highest common factor of y and 42?
6
Suppose -i + 13 + 31 = 0. What is the greatest common factor of i and 396?
44
Let w be 50 + (0 + 1)*(1 - 5). Calculate the highest common factor of 253 and w.
23
Let q be 2 + 165/2*(-20)/(-15). Calculate the highest common divisor of q and 14.
14
Let v = -67 - -72. Suppose v*x - 136 = -4*u, 2*x - 4*u + 24 = 3*x. Calculate the greatest common factor of 280 and x.
28
Let r = -231 - -346. Suppose 26 = b + d - 0*d, 5*d + 54 = 3*b. Calculate the greatest common divisor of b and r.
23
Let s be (-9)/9 + 0 + 22. Let r(b) = b + 9. Let n be r(-4). Let g = n - -2. What is the greatest common factor of g and s?
7
Suppose 5*p - 67 = -0*p + 4*u, -p - 5*u + 25 = 0. Calculate the greatest common divisor of p and 735.
15
Let m = -298 - -308. Calculate the greatest common factor of 102 and m.
2
Suppose -5*c = 5*p - 360, p - 5*p + 4*c + 272 = 0. Suppose -95 = -h + 80. Calculate the greatest common divisor of h and p.
35
Suppose -5 = -5*y + 15. Suppose y*f + 5*v - 38 = -0*f, -3*f - v = -23. What is the highest common factor of 28 and f?
7
Let b be (-6)/(-4) + (-11)/(-22). Suppose b*v + 270 = 7*v. What is the highest common factor of 9 and v?
9
Suppose -144 = 4*t + 4*w, -10*t + 4*w = -5*t + 180. Let j = 48 + t. Calculate the greatest common factor of 60 and j.
12
Let r(i) = i**2 + 3*i + 3. Let l be r(-2). Let t be (8/(-6))/(l/(-33)). Let f = 1 + t. What is the greatest common factor of 18 and f?
9
Suppose -22*p = -27*p + 920. What is the greatest common divisor of 88 and p?
8
Let z be (50 + (-5 - -2) + 3)*1. Let m be z*(2 - 5/10). What is the greatest common factor of 50 and m?
25
Suppose 4*i - 12 = 0, l + i = -2*l + 18. Suppose 2*f - 91 = -5*w, 0*f - 3*f - l*w = -124. Calculate the greatest common factor of f and 3.
3
Let k be (2 + (-822)/21)*7/(-2). Suppose 2*c - 26 = c. What is the highest common factor of k and c?
26
Let z(p) = 10*p**3 - 2*p - 1. Let u be z(-1). Let r be 3/2*(-6)/u. Suppose 26 + 9 = 7*x. Calculate the highest common factor of x and r.
1
Suppose 3*o - o = 36. Let v = -43 + -10. Let g = 215 + v. Calculate the highest common divisor of o and g.
18
Let j = -73 + 103. Suppose -b + 136 = 3*b. Let o = -19 + b. Calculate the highest common factor of j and o.
15
Suppose 5*u + 2*y = 390, 5*u - 3*y - 138 = 277. Calculate the greatest common divisor of 720 and u.
80
Suppose -103*o - 286 = -116*o. Suppose c + 2*c = 726. Calculate the greatest common divisor of o and c.
22
Suppose 0 = -4*r + 2*x - 30, 7*x - 2*x = -15. Let q = r - -13. Suppose 0 = q*t - 19 - 1. What is the greatest common factor of t and 20?
5
Let o(k) = -14 + 18 + 3*k**2 + 4*k + 0*k. Let n be o(-2). Calculate the highest common divisor of 56 and n.
8
Suppose -10 - 41 = -v. Let u = -13 + v. Let o = -17 - -74. Calculate the highest common factor of u and o.
19
Let i be 4 + -15 - (-3 + -88). Calculate the highest common divisor of 144 and i.
16
Let q = 4 - -176. Let n = 35 + -15. Calculate the highest common factor of n and q.
20
Suppose -4*z + 19*z + 735 = 0. Let x = z - -51. Let l(a) = a**3 + a**2 - 2*a. Let r be l(2). Calculate the highest common divisor of r and x.
2
Let z(j) = 3 + 0*j - 10*j + 0*j - 1. Let q be z(-2). Calculate the greatest common divisor of 11 and q.
11
Suppose -3*v + 7*v = 4. Let k(o) = -3*o - v - 2 + 4*o + 12. Let a be k(13). Calculate the greatest common factor of a and 66.
22
Let j = 12 - 9. Suppose -j*b = -5*p + 49, 5*p = -0*b - 3*b + 1. Let o = b - -11. What is the greatest common divisor of o and 24?
3
Let i = 3 - 1. Suppose -3*d = c - 39, -4*d - 4*c + i*c + 52 = 0. What is the highest common factor of 52 and d?
13
Let h = -65 + 74. Suppose -37 = -h*m + 53. What is the greatest common divisor of m and 150?
10
Suppose 2*p + 31 = 3*t, -2*p = t + t - 34. What is the greatest common divisor of t and 13?
13
Let u be (-4)/6 + (-213)/(-9). Suppose 4*m + 473 = -87. Let z be -1 + m/(-6) - (-12)/18. What is the highest common factor of u and z?
23
Let h(p) = -3*p**3 + 4*p + 3. Let z be h(-3). Let q = -26 + 35. What is the highest common factor of q and z?
9
Let h(c) = 46*c**2 + 5*c + 5. Let u(m) = -93*m**2 - 10*m - 10. Let i(n) = -5*h(n) - 3*u(n). Let v be i(-1). Calculate the highest common divisor of v and 7.
7
Let u be 7/(7/(-178)) - -4. Let d = u + 246. Calculate the greatest common divisor of 9 and d.
9
Let j(u) = -4*u**2 + 127*u + 24. Let y be j(31). What is the highest common factor of y and 99